st common divisor of j and p?
9
Let o be ((-10)/25*-5)/((-6)/63). Let a be (3/(-4))/(o/728). What is the highest common divisor of a and 143?
13
Let n(p) = -31*p - 27. Let s be n(-1). Suppose -4*i + 2*x = -3350, s*i = -4*x + 3407 - 63. What is the greatest common factor of i and 27?
27
Let z = -6 - -9. Let f = 218 + -215. Suppose f = -z*w + 6. What is the greatest common divisor of w and 9?
1
Let q be (1 - 91/49)/((-6)/(-28)) + 8350. Calculate the greatest common factor of q and 78.
78
Let y(k) = 7*k**2 - 6*k - 4. Let l = 217 + -221. Let s be y(l). Suppose -2*w + 2*f + 34 = 0, w + 4*f = -3*w + 28. What is the highest common factor of w and s?
12
Let q(w) = 170*w - 8*w - 14 - 166*w. Let f be -4*((-10)/(-4) - 0). Let m be q(f). What is the highest common divisor of m and 39?
13
Let t = -6407 - -6683. Calculate the highest common factor of 23 and t.
23
Suppose 4*p + 1500 = 34*p. Suppose -223 = -16*l + 1777. What is the greatest common divisor of p and l?
25
Let a be -5 + -15*((-48)/(-30))/(-4). Let i be 22/(6/4 + -1). What is the highest common factor of a and i?
1
Suppose -2*z - 3*z + 110 = 0. Let p be (-3823)/15 - 0 - 2/15. Let i = -145 - p. What is the greatest common divisor of i and z?
22
Let d be (-2 + 34)*(116/(-203) - 75/(-21)). Calculate the highest common factor of 2208 and d.
96
Let n be 70*(-19)/(-1596) - 962/(-12). What is the highest common divisor of n and 324?
81
Let s(h) = 10*h - 74. Let u be s(33). Suppose -2*a + b + 175 = 0, -5*a + u = -5*b - 179. What is the greatest common divisor of a and 154?
22
Let y(p) = p**2 - 38*p + 125. Let n be y(37). What is the greatest common divisor of 648 and n?
8
Let a = 275 - 439. Let r = -122 - a. What is the greatest common factor of r and 12?
6
Suppose 10*d = 15516 - 14956. What is the greatest common divisor of d and 448?
56
Let p = 9 + 42. Suppose -8*g + p = -1589. What is the greatest common factor of g and 82?
41
Suppose -5*f = m - 10*f - 17, -4*f = 12. Suppose 6*q - q - m*g = -315, 0 = 2*g. Let k = -51 - q. Calculate the greatest common factor of 18 and k.
6
Let t be (9072/(-140))/((-3)/50). Calculate the greatest common divisor of 1160 and t.
40
Suppose 3*a = 3*s + 8*a + 5, 0 = 2*s - 3*a - 3. Suppose s = -u - 2*b + 12, -b + 120 = 5*u - 6*b. What is the greatest common factor of u and 55?
5
Let b(r) = 7*r**2 - 2*r. Let q be b(-8). Let f = 816 - q. Let z be 163/5 - 9/15. What is the highest common factor of z and f?
32
Suppose -21122 = -4*c - 6*p, -5*c - 801*p + 804*p = -26413. Calculate the greatest common divisor of c and 834.
278
Let x be (-1)/((-99)/(-51) + -2). Let c = 63 - 9. Let j be (-36)/c*561/(-2). Calculate the greatest common factor of j and x.
17
Suppose -13*k - 70 = -213. Let v = -9 + k. Let h be (-84)/(-8)*12/9. Calculate the greatest common divisor of h and v.
2
Suppose -94*p + 87*p = -441. Suppose 361 = 2*b + 5*s, 3*b - b - 341 = -s. What is the greatest common factor of b and p?
21
Suppose 3*m + 12 = 0, 4*i + 0*m + 2*m + 44 = 0. Let y be 6/i*450/(-5). Calculate the highest common divisor of 165 and y.
15
Let w = 1235 + -1207. Let l(d) = -d**2 - 14*d + 8. Let i be l(-6). Calculate the greatest common divisor of w and i.
28
Let a(y) be the second derivative of -11*y**3/6 - 9*y**2 - 2*y + 82. Let i be a(-6). What is the highest common divisor of i and 384?
48
Suppose 3*o = -s + 30, 0*s + o = -s + 22. Calculate the greatest common factor of 1206 and s.
18
Let m = 198 + -191. Let o be 3/5 + (-23)/((-690)/14052). What is the greatest common divisor of m and o?
7
Let r be (-33)/(-4) + (-144)/(-192). Let m be (r/3)/((-5)/(-15)). What is the greatest common divisor of m and 45?
9
Let d(k) = -16*k**3 - 2*k + 1818. Let g be d(0). What is the greatest common divisor of g and 72?
18
Let q(l) = l**3 - 2*l + 1. Let b be q(1). Suppose 0*w = -4*g + 2*w + 102, b = -2*w + 6. Let n = -79 + 106. What is the highest common factor of g and n?
27
Suppose 26*a - 20229 = -7*a. Suppose -10*k - a = -2*l - 15*k, -3*k + 1261 = 4*l. Calculate the greatest common factor of l and 22.
11
Let c = -1651 - -1723. What is the highest common divisor of c and 486?
18
Let z(w) = 2*w**3 - 80*w**2 - 220*w - 301. Let a be z(43). Calculate the greatest common divisor of a and 129.
43
Let c be (2744/(-980))/(4/(-250)). What is the highest common factor of c and 1025?
25
Let y(d) = -d**3 - 14*d**2 + 14*d - 11. Let h be y(-15). Suppose 4 = l, -9*o - 2*l + 152 = -5*o. What is the greatest common divisor of h and o?
4
Suppose 0 = -3*p + 5*h + 393, -3*h + 419 + 270 = 5*p. Let c = -2799 + 2807. Calculate the highest common divisor of p and c.
8
Let j = 1617 + -1569. What is the highest common factor of 856 and j?
8
Let y be 1 + (179 - -1) + 220/(-220). What is the highest common factor of y and 342?
18
Let p be (-10)/(-16) + (-2102)/(-16). What is the greatest common factor of p and 564?
12
Suppose 0 = y + 11 + 14. Let i = y + 39. What is the highest common divisor of 21 and i?
7
Suppose 0*l + 240 = 3*p - 4*l, 4*p - 5*l = 321. Let q = 82 + -46. What is the greatest common divisor of p and q?
12
Let p = 14766 - 14716. What is the highest common divisor of p and 1425?
25
Let n(m) = 28*m**3 - m**2 + m + 2. Let t be n(-1). Let r = -17 - t. Calculate the highest common factor of r and 55.
11
Let l = -33 + 33. Suppose 6*f + f - 357 = l. Let a = f + -42. What is the greatest common factor of a and 63?
9
Let n be 29*((-10648)/(-704) + 2/(-16)). Calculate the highest common divisor of n and 10788.
87
Let i(c) = 14*c + 2. Let q be i(3). Let n = 63 - q. What is the highest common divisor of n and 589?
19
Suppose 2*q + 5*j - 24 = 3*q, 3*j - 17 = -2*q. Suppose -q = 2*w - 13. Let s = -45155 + 45170. Calculate the highest common factor of s and w.
3
Let u be (2 + 21/(-2))/(48/7776*-27). What is the highest common divisor of u and 1241?
17
Let s(g) = 31*g - 130. Let l be s(5). Suppose 2*r + 3*x - 23 = 4*x, -x + 37 = 4*r. Calculate the greatest common factor of l and r.
5
Suppose -x - 2*m = -29 + 7, -201 = -5*x + 3*m. What is the highest common factor of 944 and x?
4
Let f(z) = -27*z - 30. Let s be f(-2). Suppose 59*l - s*l - 1680 = 0. Calculate the greatest common divisor of l and 672.
48
Suppose 3*o + r = 2*r + 28, -4 = -2*r. Let j(d) = 5*d**2 + 66*d + 320. Let q be j(-5). What is the highest common divisor of q and o?
5
Let z be (-72)/(-120) - 38871/(-15). Calculate the greatest common divisor of z and 64.
32
Let c(n) = 2*n**3 - 128*n**2 + 150*n - 117. Let a be c(63). Calculate the highest common divisor of 1705 and a.
155
Let y = 188 - 127. Suppose -y = -5*l - 1. Calculate the highest common divisor of 516 and l.
12
Let r = 24602 + -24586. What is the highest common divisor of 7984 and r?
16
Let r be (-6)/(-15)*(76 - 1). Let h = -39097 + 39262. What is the highest common factor of h and r?
15
Let z be (-1)/((-11)/(-3) - 4). Let h be (-10450)/(-175) - z/((-21)/2). Calculate the greatest common factor of h and 20.
20
Let o(s) = -3*s - 64. Let l be o(-21). Let d(u) = -46*u**3 - u**2 - u - 1. Let p be d(l). What is the highest common divisor of p and 10?
5
Suppose 0 = q + f - 180 - 18, 2*f + 990 = 5*q. What is the greatest common factor of 30 and q?
6
Suppose -134*i + 139*i + 14 = -4*c, -2*i = 12. What is the highest common factor of 498 and c?
2
Let g(z) = 102*z + 118. Let o be g(-1). What is the greatest common divisor of o and 256?
16
Suppose -11808 = 16*k + 2*k. Let s = 687 + k. What is the greatest common divisor of 775 and s?
31
Suppose 295 = 48*s - 53*s. Suppose 0 = -z + 5, 3*z = t + t + 37. Let k = t - s. What is the greatest common divisor of k and 32?
16
Let y(k) = -37*k + 1670. Let j be y(-10). What is the greatest common factor of j and 90?
30
Suppose -5*k - 2 - 28 = 0. Let h be (-21)/(-14) + (-3)/k. Suppose 0 = -4*p + h*p - 5*l + 86, 29 = p - l. What is the greatest common divisor of 198 and p?
33
Let p(g) = 60*g**2 - 227*g + 892. Let a be p(4). What is the greatest common factor of 64 and a?
16
Let z be -1 - (-3 + 1 + -2). Let s be z*7 + (1 - 3). Suppose -341 = -2*c + v, -5*c + 4*v - 21 = -872. What is the greatest common divisor of s and c?
19
Let q(t) = 7*t**2 + 23*t + 50. Let h be q(-3). Let w = -859 - -353. Let b = -330 - w. Calculate the greatest common divisor of h and b.
44
Suppose 0*d - 5*d - 2*x + 167 = 0, -5*